{"id":193,"date":"2017-02-24T00:28:32","date_gmt":"2017-02-24T00:28:32","guid":{"rendered":"http:\/\/www.demo-ninetheme.com\/agricom\/?page_id=193"},"modified":"2017-02-24T00:28:32","modified_gmt":"2017-02-24T00:28:32","slug":"about","status":"publish","type":"page","link":"https:\/\/www.empaval.com\/?page_id=193","title":{"rendered":"Historia"},"content":{"rendered":"<div class=\"wpb-content-wrapper\"><p>[vc_row][vc_column][vc_empty_space height=\u00bb15px\u00bb][vc_custom_heading source=\u00bbpost_title\u00bb font_container=\u00bbtag:h2|font_size:70|text_align:left|color:%232e5229&#8243; use_theme_fonts=\u00bbyes\u00bb][\/vc_column][\/vc_row][vc_row full_width=\u00bbstretch_row\u00bb css=\u00bb.vc_custom_1538135149331{padding-top: 50px !important;padding-bottom: 20px !important;}\u00bb nt_agricom_vc_row_992_responsive=\u00bb.vc_custom_1538135149335{padding-top: 80px !important;padding-bottom: 80px !important;}\u00bb nt_agricom_vc_row_768_responsive=\u00bb.vc_custom_1538135149336{padding-top: 80px !important;padding-bottom: 80px !important;}\u00bb nt_agricom_vc_row_480_responsive=\u00bb.vc_custom_1538135149339{padding-top: 60px !important;padding-bottom: 60px !important;}\u00bb][vc_column width=\u00bb2\/3&#8243; offset=\u00bbvc_col-lg-7 vc_col-md-7 vc_col-xs-12&#8243; css=\u00bb.vc_custom_1490048581968{margin-top: 0px !important;margin-bottom: 30px !important;padding-top: 0px !important;}\u00bb][vc_custom_heading text=\u00bbEMPAVAL, Productores de vida desde 1981&#8243; font_container=\u00bbtag:h3|font_size:2.6rem|text_align:left|color:%23396a44|line_height:1.5&#8243; use_theme_fonts=\u00bbyes\u00bb css=\u00bb.vc_custom_1538134945196{margin-top: 0px !important;margin-bottom: 30px !important;padding-top: 0px !important;padding-bottom: 0px !important;}\u00bb][vc_row_inner][vc_column_inner width=\u00bb1\/3&#8243;][vc_single_image image=\u00bb2149&#8243; img_size=\u00bb391 x 260&#8243;][\/vc_column_inner][vc_column_inner width=\u00bb1\/3&#8243;][vc_single_image image=\u00bb2150&#8243; img_size=\u00bb391 x 260&#8243;][\/vc_column_inner][vc_column_inner width=\u00bb1\/3&#8243;][vc_single_image image=\u00bb2151&#8243; img_size=\u00bb391 x 260&#8243;][\/vc_column_inner][\/vc_row_inner][vc_custom_heading text=\u00bbHacia el a\u00f1o 1982, Jos\u00e9 Francisco Cuallado Aparisi, junto a su padre Jos\u00e9 Cuallado Comes, iniciaron la aventura de utilizar bandejas para comercializar sus productos del campo, inicialmente el cardo.<br \/>\nEl proyecto obtuvo tal \u00e9xito que, en 1983, la empresa decidi\u00f3 ofrecer un nuevo servicio: la preparaci\u00f3n de bandejas con arreglo de verduras para hacer caldo.<br \/>\nEn 1995, se instalaron en el Pol\u00edgono Industrial de Massanassa, donde pudieron aumentar su productividad y mejorar la calidad del servicio.<br \/>\nHacia el a\u00f1o 2012, Empaval decidi\u00f3 subcontratar la mayor parte de productos en campo para abastecer la enorme demanda del momento y seguir creciendo sin perder la calidad y la frescura que siempre hab\u00edan caracterizado a sus productos. Con este objetivo, se cre\u00f3 una secci\u00f3n de seguimiento de las cosechas.<br \/>\nEl resultado fue la capacidad de iniciar la construcci\u00f3n de nuevas instalaciones en 2017: una parcela de 6.000m2 y una nave de 3.500m2.<br \/>\nFinalizadas las obras, la empresa se traslad\u00f3 al Pol\u00edgono Industrial de Picassent en Abril de 2018 d\u00f3nde todav\u00eda est\u00e1 establecida.<br \/>\nA d\u00eda de hoy, Empaval cuenta con los mejores equipos tecnol\u00f3gicos para garantizar un servicio excepcional a sus clientes.<\/p>\n<p>\u00bb font_container=\u00bbtag:p|font_size:1.5rem|text_align:justify|color:%23777777|line_height:1.5&#8243; use_theme_fonts=\u00bbyes\u00bb css=\u00bb.vc_custom_1622718881818{margin-top: 0px !important;margin-bottom: 15px !important;padding-top: 0px !important;padding-bottom: 0px !important;}\u00bb][\/vc_column][vc_column width=\u00bb1\/3&#8243;][vc_empty_space height=\u00bb68px\u00bb][vc_single_image image=\u00bb1134&#8243; img_size=\u00bbfull\u00bb][\/vc_column][\/vc_row][vc_row full_width=\u00bbstretch_row\u00bb css=\u00bb.vc_custom_1537803062212{background-color: #e3ae57 !important;}\u00bb][vc_column][vc_row_inner][vc_column_inner width=\u00bb1\/4&#8243;]<section class=\"section-timeline \"><div class=\"timeline-container\"><div class=\"timeline\"><div class=\"timeline__inner\"><div class=\"row\"><div class=\"col-md-3\"><div class=\"timeline__item\"><p class=\"timeline__year\">1982<\/p><\/div><\/div><\/div><\/div><\/div><\/div><\/section>[vc_empty_space height=\u00bb10px\u00bb][vc_single_image image=\u00bb1923&#8243; img_size=\u00bb130&#215;130&#8243;][\/vc_column_inner][vc_column_inner width=\u00bb1\/4&#8243;]<section class=\"section-timeline \"><div class=\"timeline-container\"><div class=\"timeline\"><div class=\"timeline__inner\"><div class=\"row\"><div class=\"col-md-3\"><div class=\"timeline__item\"><p class=\"timeline__year\">1990<\/p><\/div><\/div><\/div><\/div><\/div><\/div><\/section>[vc_empty_space height=\u00bb10px\u00bb][vc_single_image image=\u00bb1924&#8243; img_size=\u00bb130&#215;130&#8243;][\/vc_column_inner][vc_column_inner width=\u00bb1\/4&#8243;]<section class=\"section-timeline \"><div class=\"timeline-container\"><div class=\"timeline\"><div class=\"timeline__inner\"><div class=\"row\"><div class=\"col-md-3\"><div class=\"timeline__item\"><p class=\"timeline__year\">2000<\/p><\/div><\/div><\/div><\/div><\/div><\/div><\/section>[vc_empty_space height=\u00bb10px\u00bb][vc_single_image image=\u00bb1325&#8243; img_size=\u00bb130&#215;130&#8243;][\/vc_column_inner][vc_column_inner width=\u00bb1\/4&#8243;]<section class=\"section-timeline \"><div class=\"timeline-container\"><div class=\"timeline\"><div class=\"timeline__inner\"><div class=\"row\"><div class=\"col-md-3\"><div class=\"timeline__item\"><p class=\"timeline__year\">2018<\/p><\/div><\/div><\/div><\/div><\/div><\/div><\/section>[vc_empty_space height=\u00bb10px\u00bb][vc_single_image image=\u00bb1322&#8243; img_size=\u00bb130&#215;130&#8243;][\/vc_column_inner][\/vc_row_inner][\/vc_column][vc_column][\/vc_column][\/vc_row]<\/p>\n<\/div>","protected":false},"excerpt":{"rendered":"<p>[vc_row][vc_column][vc_empty_space height=\u00bb15px\u00bb][vc_custom_heading source=\u00bbpost_title\u00bb font_container=\u00bbtag:h2|font_size:70|text_align:left|color:%232e5229&#8243; use_theme_fonts=\u00bbyes\u00bb][\/vc_column][\/vc_row][vc_row full_width=\u00bbstretch_row\u00bb css=\u00bb.vc_custom_1538135149331{padding-top: 50px !important;padding-bottom: 20px !important;}\u00bb nt_agricom_vc_row_992_responsive=\u00bb.vc_custom_1538135149335{padding-top: 80px !important;padding-bottom: 80px !important;}\u00bb nt_agricom_vc_row_768_responsive=\u00bb.vc_custom_1538135149336{padding-top: 80px !important;padding-bottom: 80px !important;}\u00bb nt_agricom_vc_row_480_responsive=\u00bb.vc_custom_1538135149339{padding-top: 60px !important;padding-bottom: 60px !important;}\u00bb][vc_column width=\u00bb2\/3&#8243; offset=\u00bbvc_col-lg-7 vc_col-md-7 vc_col-xs-12&#8243; css=\u00bb.vc_custom_1490048581968{margin-top: 0px !important;margin-bottom: 30px !important;padding-top: 0px !important;}\u00bb][vc_custom_heading text=\u00bbEMPAVAL, Productores de vida desde 1981&#8243; font_container=\u00bbtag:h3|font_size:2.6rem|text_align:left|color:%23396a44|line_height:1.5&#8243; use_theme_fonts=\u00bbyes\u00bb css=\u00bb.vc_custom_1538134945196{margin-top: 0px !important;margin-bottom: 30px !important;padding-top: 0px !important;padding-bottom: 0px !important;}\u00bb][vc_row_inner][vc_column_inner width=\u00bb1\/3&#8243;][vc_single_image [&hellip;]<\/p>\n","protected":false},"author":1,"featured_media":0,"parent":0,"menu_order":0,"comment_status":"closed","ping_status":"closed","template":"custom-page.php","meta":{"footnotes":""},"class_list":["post-193","page","type-page","status-publish","hentry"],"_links":{"self":[{"href":"https:\/\/www.empaval.com\/index.php?rest_route=\/wp\/v2\/pages\/193","targetHints":{"allow":["GET"]}}],"collection":[{"href":"https:\/\/www.empaval.com\/index.php?rest_route=\/wp\/v2\/pages"}],"about":[{"href":"https:\/\/www.empaval.com\/index.php?rest_route=\/wp\/v2\/types\/page"}],"author":[{"embeddable":true,"href":"https:\/\/www.empaval.com\/index.php?rest_route=\/wp\/v2\/users\/1"}],"replies":[{"embeddable":true,"href":"https:\/\/www.empaval.com\/index.php?rest_route=%2Fwp%2Fv2%2Fcomments&post=193"}],"version-history":[{"count":0,"href":"https:\/\/www.empaval.com\/index.php?rest_route=\/wp\/v2\/pages\/193\/revisions"}],"wp:attachment":[{"href":"https:\/\/www.empaval.com\/index.php?rest_route=%2Fwp%2Fv2%2Fmedia&parent=193"}],"curies":[{"name":"wp","href":"https:\/\/api.w.org\/{rel}","templated":true}]}}