{"id":342,"date":"2017-03-16T14:43:13","date_gmt":"2017-03-16T14:43:13","guid":{"rendered":"http:\/\/www.demo-ninetheme.com\/agricom\/?page_id=342"},"modified":"2025-12-01T11:22:36","modified_gmt":"2025-12-01T11:22:36","slug":"products","status":"publish","type":"page","link":"https:\/\/www.empaval.com\/?page_id=342","title":{"rendered":"Control de calidad"},"content":{"rendered":"<div class=\"wpb-content-wrapper\"><p>[vc_row css=\u00bb.vc_custom_1538427078725{padding-top: -50px !important;}\u00bb][vc_column][vc_empty_space height=\u00bb15px\u00bb][vc_custom_heading source=\u00bbpost_title\u00bb font_container=\u00bbtag:h2|font_size:70|text_align:left|color:%232e5229&#8243; use_theme_fonts=\u00bbyes\u00bb]<section class=\"product-section section\"><div class=\"container\"><div class=\"products\"><div class=\"products__inner\"><div class=\"row flex-items-xs-middle row-no-gutter\"><div class=\"col-md-6\"><div class=\"product__item product__item--text\"><img decoding=\"async\" src=\"https:\/\/www.empaval.com\/wp-content\/uploads\/2018\/10\/HCampos_cal.jpg\" class=\"product__item__ico img-responsive\" width=\"400px\" height=\"150px\" alt=\"HCampos_cal.jpg\"><h3 class=\"product__item__title\"><a href=\"\" style=\" color:#396a44;\"><\/a><\/h3><p>Control de cada campo y cultivo de nuestras tierras a trav\u00e9s de nuestros ingenieros y agricultores, para obtener una mayor producci\u00f3n, y evitar plagas, u otro tipo de problemas agr\u00edcolas. <\/p><\/div><\/div><div class=\"col-md-6\"><div class=\"product__item product__item--image\"><img decoding=\"async\" src=\"https:\/\/www.empaval.com\/wp-content\/uploads\/2018\/09\/controlcampos.jpg\" class=\"product__item__ico img-responsive\" alt=\"controlcampos.jpg\"><\/div><\/div><\/div><div class=\"row flex-items-xs-middle row-no-gutter\"><div class=\"col-md-6\"><div class=\"product__item product__item--text\"><img loading=\"lazy\" decoding=\"async\" src=\"https:\/\/www.empaval.com\/wp-content\/uploads\/2018\/10\/Hproduccion_cal.jpg\" class=\"product__item__ico img-responsive\" width=\"400\" height=\"150\" alt=\"Hproduccion_cal.jpg\"><h3 class=\"product__item__title\"><a href=\"\" style=\" color:#396a44;\"><\/a><\/h3><p>Realizaci\u00f3n de fichas de campo para tener analizada cada partida de campo y as\u00ed tener un control m\u00e1ximo de nuestras cultivos, y una trazabilidad correcta hasta nuestras instalaciones.<\/p><\/div><\/div><div class=\"col-md-6\"><div class=\"product__item product__item--image\"><img decoding=\"async\" src=\"https:\/\/www.empaval.com\/wp-content\/uploads\/2018\/09\/Controlada1.jpg\" class=\"product__item__ico img-responsive\" alt=\"Controlada1.jpg\"><\/div><\/div><\/div><div class=\"row flex-items-xs-middle row-no-gutter\"><div class=\"col-md-6\"><div class=\"product__item product__item--text\"><img loading=\"lazy\" decoding=\"async\" src=\"https:\/\/www.empaval.com\/wp-content\/uploads\/2018\/10\/Htransporte_cal.jpg\" class=\"product__item__ico img-responsive\" width=\"400\" height=\"150\" alt=\"Htransporte_cal.jpg\"><h3 class=\"product__item__title\"><a href=\"\" rel=\"nofollow\" style=\" color:#396a44;\"><\/a><\/h3><p>Transporte inmediato a nuestra f\u00e1brica, con el objetivo de no perder frescura, y tener una mayor calidad de producto para nuestros clientes. <\/p><\/div><\/div><div class=\"col-md-6\"><div class=\"product__item product__item--image\"><img decoding=\"async\" src=\"https:\/\/www.empaval.com\/wp-content\/uploads\/2018\/10\/Saco-Zanahorias.jpg\" class=\"product__item__ico img-responsive\" alt=\"Saco-Zanahorias.jpg\"><\/div><\/div><\/div><div class=\"row flex-items-xs-middle row-no-gutter\"><div class=\"col-md-6\"><div class=\"product__item product__item--text\"><img loading=\"lazy\" decoding=\"async\" src=\"https:\/\/www.empaval.com\/wp-content\/uploads\/2018\/10\/HControl_cal.jpg\" class=\"product__item__ico img-responsive\" width=\"400\" height=\"150\" alt=\"HControl_cal.jpg\"><h3 class=\"product__item__title\"><a href=\"\" style=\" color:#396a44;\"><\/a><\/h3><p>Una vez llega la materia prima a nuestras instalaciones, se procede a hacer un control exhaustivo de cada partida de producto, para ofrecer la m\u00e1xima garant\u00eda a nuestros clientes de que el producto que llega, es de gran calidad. <\/p><\/div><\/div><div class=\"col-md-6\"><div class=\"product__item product__item--image\"><img decoding=\"async\" src=\"https:\/\/www.empaval.com\/wp-content\/uploads\/2018\/11\/calidad_2.jpg\" class=\"product__item__ico img-responsive\" alt=\"calidad_2.jpg\"><\/div><\/div><\/div><div class=\"row flex-items-xs-middle row-no-gutter\"><div class=\"col-md-6\"><div class=\"product__item product__item--text\"><img loading=\"lazy\" decoding=\"async\" src=\"https:\/\/www.empaval.com\/wp-content\/uploads\/2018\/10\/HLavado_cal.jpg\" class=\"product__item__ico img-responsive\" width=\"400\" height=\"150\" alt=\"HLavado_cal.jpg\"><h3 class=\"product__item__title\"><a href=\"\" style=\" color:#396a44;\"><\/a><\/h3><p>En nuestra empresa, todo el producto que llega del campo, pasa por nuestra l\u00ednea de lavado y selecci\u00f3n para quitar restos del campo y todo aquel producto que no llegue en perfecto estado. <\/p><\/div><\/div><div class=\"col-md-6\"><div class=\"product__item product__item--image\"><img decoding=\"async\" src=\"https:\/\/www.empaval.com\/wp-content\/uploads\/2018\/09\/lavado.jpg\" class=\"product__item__ico img-responsive\" alt=\"lavado.jpg\"><\/div><\/div><\/div><div class=\"row flex-items-xs-middle row-no-gutter\"><div class=\"col-md-6\"><div class=\"product__item product__item--text\"><img loading=\"lazy\" decoding=\"async\" src=\"https:\/\/www.empaval.com\/wp-content\/uploads\/2018\/10\/Hmanipulacion_cal.jpg\" class=\"product__item__ico img-responsive\" width=\"400\" height=\"150\" alt=\"Hmanipulacion_cal.jpg\"><h3 class=\"product__item__title\"><a href=\"\" style=\" color:#396a44;\"><\/a><\/h3><p>Disponemos de personal especializado que se dedica a la manipulaci\u00f3n y corte de la materia prima para confeccionar varios tipos de envasado, mediante estrictas normas de seguridad, prevenci\u00f3n y limpieza. <\/p><\/div><\/div><div class=\"col-md-6\"><div class=\"product__item product__item--image\"><img decoding=\"async\" src=\"https:\/\/www.empaval.com\/wp-content\/uploads\/2018\/09\/manipulacion.jpg\" class=\"product__item__ico img-responsive\" alt=\"manipulacion.jpg\"><\/div><\/div><\/div><div class=\"row flex-items-xs-middle row-no-gutter\"><div class=\"col-md-6\"><div class=\"product__item product__item--text\"><img loading=\"lazy\" decoding=\"async\" src=\"https:\/\/www.empaval.com\/wp-content\/uploads\/2018\/10\/HBolsa.jpg\" class=\"product__item__ico img-responsive\" width=\"400\" height=\"150\" alt=\"HBolsa.jpg\"><h3 class=\"product__item__title\"><a href=\"\" style=\" color:#396a44;\"><\/a><\/h3><p>Tenemos un alto control y supervisi\u00f3n de nuestras l\u00edneas de envasado para asegurarnos de que todo envase contenga producto de alta calidad y con la m\u00e1xima frescura, para que as\u00ed, llegue en el mejor estado a nuestros clientes. <\/p><\/div><\/div><div class=\"col-md-6\"><div class=\"product__item product__item--image\"><img decoding=\"async\" src=\"https:\/\/www.empaval.com\/wp-content\/uploads\/2018\/09\/envasadofo.jpg\" class=\"product__item__ico img-responsive\" alt=\"envasadofo.jpg\"><\/div><\/div><\/div><div class=\"row flex-items-xs-middle row-no-gutter\"><div class=\"col-md-6\"><div class=\"product__item product__item--text\"><img loading=\"lazy\" decoding=\"async\" src=\"https:\/\/www.empaval.com\/wp-content\/uploads\/2018\/11\/HLogistica_en.jpg\" class=\"product__item__ico img-responsive\" width=\"400\" height=\"150\" alt=\"HLogistica_en.jpg\"><h3 class=\"product__item__title\"><a href=\"\" style=\" color:#396a44;\"><\/a><\/h3><p>Nuestra idea es trabajar al d\u00eda y realizar con la mayor rapidez las cargas para que el producto llegue lo antes posible a nuestro cliente final y que no se rompa la cadena de fr\u00edo. \n\n<\/p><\/div><\/div><div class=\"col-md-6\"><div class=\"product__item product__item--image\"><img decoding=\"async\" src=\"https:\/\/www.empaval.com\/wp-content\/uploads\/2018\/09\/Logistica.jpg\" class=\"product__item__ico img-responsive\" alt=\"Logistica.jpg\"><\/div><\/div><\/div><div class=\"row flex-items-xs-middle row-no-gutter\"><div class=\"col-md-6\"><div class=\"product__item product__item--text\"><img loading=\"lazy\" decoding=\"async\" src=\"https:\/\/www.empaval.com\/wp-content\/uploads\/2018\/09\/Certificado.jpg\" class=\"product__item__ico img-responsive\" width=\"150\" height=\"150\" alt=\"Certificado.jpg\"><h3 class=\"product__item__title\"><a href=\"https:\/\/www.ifs-certification.com\/index.php\/es\" target=\"_blank\" rel=\"nofollow\" title=\"International Featured Standards - IFS\" style=\" color:#396a44;\">International Featured Standards - IFS<\/a><\/h3><p>IFS Global Markets \u2013 Food,es un programa estandarizado para la seguridad alimentaria tanto para distribuidores como para industria alimentaria, basada en el marco compatativo de GFSI (Global Food Safety Initiative). \nLas normas IFS son normas uniformes enfocadas en alimentaci\u00f3n, productos y servicios. As\u00ed garantizan que las empresas certificadas seg\u00fan los est\u00e1ndares IFS fabrican un producto o bien prestan un servicio, que cumplen las especificaciones de cliente y que siempre se trabaja por una mejora continua de los procesos.<\/p><\/div><\/div><div class=\"col-md-6\"><div class=\"product__item product__item--image\"><img decoding=\"async\" src=\"https:\/\/www.empaval.com\/wp-content\/uploads\/2018\/08\/ifs_gm_food2_cover_.png\" class=\"product__item__ico img-responsive\" alt=\"ifs_gm_food2_cover_.png\"><\/div><\/div><\/div><div class=\"row flex-items-xs-middle row-no-gutter\"><div class=\"col-md-6\"><div class=\"product__item product__item--text\"><img loading=\"lazy\" decoding=\"async\" src=\"https:\/\/www.empaval.com\/wp-content\/uploads\/2021\/04\/solar3.png\" class=\"product__item__ico img-responsive\" width=\"400\" height=\"150\" alt=\"solar3.png\"><h3 class=\"product__item__title\"><a href=\"\" style=\" color:#396a44;\"><\/a><\/h3><p>Se ha puesto en marcha la instalaci\u00f3n de energ\u00eda solar fotovoltaica sobre cubierta de 120,70 kWp de potencia que permite generar el 37% de la energ\u00eda el\u00e9ctrica necesaria para el suministro del proceso de fabricaci\u00f3n. \nLa citada instalaci\u00f3n ha sido cofinanciada con una ayuda reembolsable de 94.904 \u20ac. Procedente del IVACE a trav\u00e9s del Programa del Fondo de Promoci\u00f3n del Plan E\u00f3lico de la Comunitat Valenciana del a\u00f1o 2020. <\/br> \nN\u00famero de expediente IVAUTF\/2020\/22.\n<\/p><\/div><\/div><div class=\"col-md-6\"><div class=\"product__item product__item--image\"><img decoding=\"async\" src=\"https:\/\/www.empaval.com\/wp-content\/uploads\/2021\/04\/Empresa.jpg\" class=\"product__item__ico img-responsive\" alt=\"Empresa.jpg\"><\/div><\/div><\/div><div class=\"row flex-items-xs-middle row-no-gutter\"><div class=\"col-md-6\"><div class=\"product__item product__item--text\"><img loading=\"lazy\" decoding=\"async\" src=\"https:\/\/www.empaval.com\/wp-content\/uploads\/2021\/04\/TiraIvace.jpg\" class=\"product__item__ico img-responsive\" width=\"400\" height=\"150\" alt=\"TiraIvace.jpg\"><h3 class=\"product__item__title\"><a href=\"\" style=\" color:#396a44;\"><\/a><\/h3><p>Proyecto acogido al sistema de incentivos ligados al autoconsumo y almacenamiento, con fuentes de energ\u00eda renovables en el sector residencial en el marco del PLAN DE RECUPERACI\u00d3N, TRANSFORMACI\u00d3N Y RESILENCIA, financiado por la UNI\u00d3N EUROPEA y NEXT GENERATION.\n\nBENEFICIARIO: Empaval 95 SOciedad Limitada\nCOMPONENTE (C7:I1): Jinko 475W \/\/ inversor BP 92.0 KW\nINVERSI\u00d3N TOTAL: 51.061,95\u20ac\nIMPORTE DE LA AYUDA: 17.871,68\u20ac\nPOTENCIA (KW): 92 KWnom \/ 75,2 Kp\nREAL DECRETO 477\/2021 <\/p><\/div><\/div><div class=\"col-md-6\"><div class=\"product__item product__item--image\"><img decoding=\"async\" src=\"https:\/\/www.empaval.com\/wp-content\/uploads\/2024\/04\/anexocart.webp\" class=\"product__item__ico img-responsive\" alt=\"anexocart.webp\"><\/div><\/div><\/div><div class=\"row flex-items-xs-middle row-no-gutter\"><div class=\"col-md-6\"><div class=\"product__item product__item--text\"><img loading=\"lazy\" decoding=\"async\" src=\"https:\/\/www.empaval.com\/wp-content\/uploads\/2024\/12\/enca.png\" class=\"product__item__ico img-responsive\" width=\"400\" height=\"150\" alt=\"enca.png\"><h3 class=\"product__item__title\"><a href=\"https:\/\/www.empaval.com\/wp-content\/uploads\/2024\/12\/Anexo03bCARTEL.pdf\" target=\"_blank\" style=\" color:#396a44;\"><\/a><\/h3><p>Proyecto acogido al programa de incentivos ligados al autoconsumo y almacenamiento, con fuentes de energ\u00eda renovable, as\u00ed como a la \n mplantaci\u00f3n de sistemas t\u00e9rmicos renovables en el sector residencial en el marco del PLAN DE RECUPERACI\u00d3N, TRANSFORMACI\u00d3N Y RESILENCIA, financiado por la Uni\u00f3n Europea - NextGenerationEU.\nBENEFICIARIO: Empaval 95 SOciedad Limitada COMPONENTE (C7:I1): Actuaci\u00f3n de generaci\u00f3n con energ\u00eda renovable solar fotovoltaica de 63 kWp INVERSI\u00d3N TOTAL: 51.061,95\u20ac IMPORTE DE LA AYUDA: 17.871,68\u20ac POTENCIA (KW): 63 kWp REAL DECRETO 477\/2021<\/p><\/div><\/div><div class=\"col-md-6\"><div class=\"product__item product__item--image\"><img decoding=\"async\" src=\"https:\/\/www.empaval.com\/wp-content\/uploads\/2024\/12\/anexocart2.webp\" class=\"product__item__ico img-responsive\" alt=\"anexocart2.webp\"><\/div><\/div><\/div><div class=\"row flex-items-xs-middle row-no-gutter\"><div class=\"col-md-6\"><div class=\"product__item product__item--text\"><img loading=\"lazy\" decoding=\"async\" src=\"https:\/\/www.empaval.com\/wp-content\/uploads\/2024\/12\/enca.png\" class=\"product__item__ico img-responsive\" width=\"400\" height=\"150\" alt=\"enca.png\"><h3 class=\"product__item__title\"><a href=\"https:\/\/www.empaval.com\/wp-content\/uploads\/2025\/12\/CARTEL_EMPAVAL1.pdf\" target=\"_blank\" style=\" color:#396a44;\"><\/a><\/h3><p>Proyecto acogido al programa de incentivos ligados al autoconsumo y almacenamiento, con fuentes de energ\u00eda renovable, as\u00ed como a la implantaci\u00f3n de sistemas t\u00e9rmicos renovables en el sector residencial en el marco del Plan de Recuperaci\u00f3n, Transformaci\u00f3n y Resiliencia, financiado por la Uni\u00f3n Europea - NextGenerationEU\n\nBENEFICIARIO: Empaval 95 SOciedad Limitada\nCOMPONENTE (C8:I1): 1 x SIEMENS KACO BG92.0 - 15 x BATERIAS CEGASA E\/XPAND HV (215 kWh) E\/XPAND HV (243 kWh)\nINVERSI\u00d3N TOTAL: 129.522\nIMPORTE DE LA AYUDA: 48.912.50\u20ac\nPOTENCIA (KW): 92 KW\nCapacidad de almacenamiento (kWh): 215 kWh\nREAL DECRETO 477\/2021 <\/p><\/div><\/div><div class=\"col-md-6\"><div class=\"product__item product__item--image\"><img decoding=\"async\" src=\"https:\/\/www.empaval.com\/wp-content\/uploads\/2025\/12\/EMPAVAL-copia.webp\" class=\"product__item__ico img-responsive\" alt=\"EMPAVAL-copia.webp\"><\/div><\/div><\/div><\/div><\/div><\/div><\/section>[\/vc_column][\/vc_row]<\/p>\n<\/div>","protected":false},"excerpt":{"rendered":"<p>[vc_row css=\u00bb.vc_custom_1538427078725{padding-top: -50px !important;}\u00bb][vc_column][vc_empty_space height=\u00bb15px\u00bb][vc_custom_heading source=\u00bbpost_title\u00bb font_container=\u00bbtag:h2|font_size:70|text_align:left|color:%232e5229&#8243; use_theme_fonts=\u00bbyes\u00bb][\/vc_column][\/vc_row]<\/p>\n","protected":false},"author":1,"featured_media":0,"parent":0,"menu_order":0,"comment_status":"closed","ping_status":"closed","template":"custom-page.php","meta":{"footnotes":""},"class_list":["post-342","page","type-page","status-publish","hentry"],"_links":{"self":[{"href":"https:\/\/www.empaval.com\/index.php?rest_route=\/wp\/v2\/pages\/342","targetHints":{"allow":["GET"]}}],"collection":[{"href":"https:\/\/www.empaval.com\/index.php?rest_route=\/wp\/v2\/pages"}],"about":[{"href":"https:\/\/www.empaval.com\/index.php?rest_route=\/wp\/v2\/types\/page"}],"author":[{"embeddable":true,"href":"https:\/\/www.empaval.com\/index.php?rest_route=\/wp\/v2\/users\/1"}],"replies":[{"embeddable":true,"href":"https:\/\/www.empaval.com\/index.php?rest_route=%2Fwp%2Fv2%2Fcomments&post=342"}],"version-history":[{"count":14,"href":"https:\/\/www.empaval.com\/index.php?rest_route=\/wp\/v2\/pages\/342\/revisions"}],"predecessor-version":[{"id":5556,"href":"https:\/\/www.empaval.com\/index.php?rest_route=\/wp\/v2\/pages\/342\/revisions\/5556"}],"wp:attachment":[{"href":"https:\/\/www.empaval.com\/index.php?rest_route=%2Fwp%2Fv2%2Fmedia&parent=342"}],"curies":[{"name":"wp","href":"https:\/\/api.w.org\/{rel}","templated":true}]}}